f 9747.
3, 19
List the prime factors of 16362.
2, 3, 101
List the prime factors of 18840.
2, 3, 5, 157
What are the prime factors of 56566?
2, 28283
What are the prime factors of 2554?
2, 1277
What are the prime factors of 1054?
2, 17, 31
List the prime factors of 1811.
1811
What are the prime factors of 10447?
31, 337
What are the prime factors of 17746?
2, 19, 467
List the prime factors of 759.
3, 11, 23
List the prime factors of 31159.
31159
List the prime factors of 11761.
19, 619
What are the prime factors of 49049?
7, 11, 13
What are the prime factors of 3712?
2, 29
What are the prime factors of 4547?
4547
List the prime factors of 6136.
2, 13, 59
What are the prime factors of 22974?
2, 3, 7, 547
What are the prime factors of 10685?
5, 2137
List the prime factors of 47337.
3, 31, 509
What are the prime factors of 5933?
17, 349
List the prime factors of 21302.
2, 10651
List the prime factors of 15191.
11, 1381
List the prime factors of 969.
3, 17, 19
What are the prime factors of 14303?
14303
List the prime factors of 3243.
3, 23, 47
What are the prime factors of 563?
563
List the prime factors of 374.
2, 11, 17
List the prime factors of 334.
2, 167
List the prime factors of 3395.
5, 7, 97
What are the prime factors of 3323?
3323
What are the prime factors of 23041?
23041
List the prime factors of 136538.
2, 233, 293
What are the prime factors of 12524?
2, 31, 101
What are the prime factors of 5305?
5, 1061
What are the prime factors of 12298?
2, 11, 13, 43
What are the prime factors of 2357?
2357
List the prime factors of 266.
2, 7, 19
List the prime factors of 4199.
13, 17, 19
What are the prime factors of 822?
2, 3, 137
List the prime factors of 29637.
3, 37, 89
What are the prime factors of 586?
2, 293
List the prime factors of 26028.
2, 3, 241
List the prime factors of 5875.
5, 47
List the prime factors of 4220.
2, 5, 211
List the prime factors of 2190.
2, 3, 5, 73
List the prime factors of 2740.
2, 5, 137
What are the prime factors of 4113?
3, 457
List the prime factors of 15288.
2, 3, 7, 13
What are the prime factors of 8592?
2, 3, 179
What are the prime factors of 10091?
10091
List the prime factors of 36129.
3, 12043
What are the prime factors of 2223?
3, 13, 19
What are the prime factors of 44855?
5, 8971
What are the prime factors of 105029?
127, 827
What are the prime factors of 21193?
21193
What are the prime factors of 285?
3, 5, 19
What are the prime factors of 66432?
2, 3, 173
List the prime factors of 3973.
29, 137
List the prime factors of 1167.
3, 389
List the prime factors of 8971.
8971
List the prime factors of 3831.
3, 1277
What are the prime factors of 18160?
2, 5, 227
What are the prime factors of 34773?
3, 67, 173
What are the prime factors of 34032?
2, 3, 709
List the prime factors of 1787.
1787
What are the prime factors of 733?
733
What are the prime factors of 5703?
3, 1901
List the prime factors of 23975.
5, 7, 137
What are the prime factors of 62991?
3, 2333
What are the prime factors of 1612?
2, 13, 31
List the prime factors of 4401.
3, 163
What are the prime factors of 1007?
19, 53
List the prime factors of 2377.
2377
List the prime factors of 114186.
2, 3, 19031
What are the prime factors of 2808?
2, 3, 13
What are the prime factors of 14628?
2, 3, 23, 53
List the prime factors of 416.
2, 13
What are the prime factors of 7219?
7219
What are the prime factors of 36359?
103, 353
List the prime factors of 42904.
2, 31, 173
List the prime factors of 11179.
7, 1597
List the prime factors of 57026.
2, 28513
What are the prime factors of 2965?
5, 593
List the prime factors of 1940.
2, 5, 97
List the prime factors of 1324.
2, 331
List the prime factors of 3639.
3, 1213
What are the prime factors of 476?
2, 7, 17
List the prime factors of 1738.
2, 11, 79
List the prime factors of 186083.
53, 3511
List the prime factors of 15728.
2, 983
What are the prime factors of 107?
107
What are the prime factors of 29431?
19, 1549
List the prime factors of 1940.
2, 5, 97
What are the prime factors of 5658?
2, 3, 23, 41
List the prime factors of 370.
2, 5, 37
What are the prime factors of 54056?
2, 29, 233
List the prime factors of 204.
2, 3, 17
What are the prime factors of 3470?
2, 5, 347
List the prime factors of 1948.
2, 487
List the prime factors of 4169.
11, 379
List the prime factors of 5932.
2, 1483
List the prime factors of 2944.
2, 23
List the prime factors of 160745.
5, 13, 2473
What are the prime factors of 2546?
2, 19, 67
What are the prime factors of 6362?
2, 3181
List the prime factors of 3179.
11, 17
List the prime factors of 16885.
5, 11, 307
List the prime factors of 749.
7, 107
What are the prime factors of 663?
3, 13, 17
List the prime factors of 4139.
4139
What are the prime factors of 6563?
6563
What are the prime factors of 16170?
2, 3, 5, 7, 11
What are the prime factors of 336?
2, 3, 7
List the prime factors of 517.
11, 47
What are the prime factors of 2961?
3, 7, 47
What are the prime factors of 195?
3, 5, 13
What are the prime factors of 3131?
31, 101
What are the prime factors of 1553?
1553
List the prime factors of 17272.
2, 17, 127
What are the prime factors of 1169?
7, 167
What are the prime factors of 3800?
2, 5, 19
What are the prime factors of 21490?
2, 5, 7, 307
List the prime factors of 19840.
2, 5, 31
What are the prime factors of 1194?
2, 3, 199
What are the prime factors of 21601?
21601
List the prime factors of 1814.
2, 907
What are the prime factors of 3430?
2, 5, 7
List the prime factors of 655.
5, 131
What are the prime factors of 1998?
2, 3, 37
List the prime factors of 95.
5, 19
List the prime factors of 34573.
7, 11, 449
List the prime factors of 8800.
2, 5, 11
List the prime factors of 88282.
2, 37, 1193
List the prime factors of 719.
719
What are the prime factors of 33210?
2, 3, 5, 41
List the prime factors of 394.
2, 197
What are the prime factors of 99?
3, 11
What are the prime factors of 5366?
2, 2683
List the prime factors of 3634.
2, 23, 79
List the prime factors of 15522.
2, 3, 13, 199
List the prime factors of 63735.
3, 5, 7, 607
List the prime factors of 518.
2, 7, 37
List the prime factors of 60.
2, 3, 5
List the prime factors of 16787.
16787
List the prime factors of 6334.
2, 3167
List the prime factors of 50823.
3, 5647
List the prime factors of 992.
2, 31
List the prime factors of 65136.
2, 3, 23, 59
List the prime factors of 245.
5, 7
List the prime factors of 36184.
2, 4523
List the prime factors of 1220.
2, 5, 61
List the prime factors of 4973.
4973
List the prime factors of 425.
5, 17
What are the prime factors of 2361?
3, 787
List the prime factors of 487.
487
List the prime factors of 15310.
2, 5, 1531
List the prime factors of 938.
2, 7, 67
List the prime factors of 84945.
3, 5, 7, 809
What are the prime factors of 107?
107
List the prime factors of 2571.
3, 857
What are the prime factors of 7787?
13, 599
List the prime factors of 1483.
1483
What are the prime factors of 993?
3, 331
What are the prime factors of 4633?
41, 113
What are the prime factors of 657?
3, 73
What are the prime factors of 3248?
2, 7, 29
List the prime factors of 84059.
84059
List the prime factors of 9922.
2, 11, 41
What are the prime factors of 42823?
11, 17, 229
What are the prime factors of 9502?
2, 4751
What are the prime factors of 984?
2, 3, 41
List the prime factors of 13.
13
What are the prime factors of 2277?
3, 11, 23
What are the prime factors of 162344?
2, 7, 13, 223
List the prime factors of 4546.
2, 2273
List the prime factors of 8024.
2, 17, 59
What are the prime factors of 25415?
5, 13, 17, 23
List the prime factors of 20129.
20129
What are the prime factors of 947?
947
List the prime factors of 62721.
3, 23, 101
What are the prime factors of 8713?
8713
List the prime factors of 58867.
37, 43
What are the prime factors of 3957?
3, 1319
What are the prime factors of 4791?
3, 1597
What are the prime factors of 654?
2, 3, 109
List the prime factors of 3423.
3, 7, 163
What are the prime factors of 9584?
2, 599
List the prime factors of 13322.
2, 6661
What are the prime factors of 754?
2, 13, 29
What are the prime factors of 10728?
2, 3, 149
List the prime factors of 3032.
2, 379
List the prime factors of 359.
359
What are the prime factors of 8902?
2, 4451
List the prim